{"id":7,"date":"2026-01-24T17:26:49","date_gmt":"2026-01-24T17:26:49","guid":{"rendered":"https:\/\/devskillacademy.com\/?page_id=7"},"modified":"2026-01-24T17:27:11","modified_gmt":"2026-01-24T17:27:11","slug":"trang-chu","status":"publish","type":"page","link":"https:\/\/devskillacademy.com\/","title":{"rendered":"Trang ch\u1ee7"},"content":{"rendered":"\n<body>\n    <header class=\"header\">\n        <nav class=\"navbar\">\n            <div class=\"container\">\n                <div class=\"logo\">\n                    <h1>DevSkill<span>Academy<\/span><\/h1>\n                <\/div>\n                <ul class=\"nav-menu\">\n                    <li><a href=\"#home\">Trang ch\u1ee7<\/a><\/li>\n                    <li><a href=\"#courses\">Kh\u00f3a h\u1ecdc<\/a><\/li>\n                    <li><a href=\"#about\">V\u1ec1 ch\u00fang t\u00f4i<\/a><\/li>\n                    <li><a href=\"#contact\">Li\u00ean h\u1ec7<\/a><\/li>\n                <\/ul>\n                <button class=\"cta-button\">\u0110\u0103ng k\u00fd ngay<\/button>\n            <\/div>\n        <\/nav>\n    <\/header>\n\n    <section id=\"home\" class=\"hero\">\n        <div class=\"container\">\n            <div class=\"hero-content\">\n                <h2>H\u1ecdc l\u1eadp tr\u00ecnh t\u1eeb c\u01a1 b\u1ea3n \u0111\u1ebfn chuy\u00ean nghi\u1ec7p<\/h2>\n                <p>N\u00e2ng cao k\u1ef9 n\u0103ng l\u1eadp tr\u00ecnh c\u1ee7a b\u1ea1n v\u1edbi c\u00e1c kh\u00f3a h\u1ecdc ch\u1ea5t l\u01b0\u1ee3ng cao<\/p>\n                <button class=\"hero-button\">Kh\u00e1m ph\u00e1 kh\u00f3a h\u1ecdc<\/button>\n            <\/div>\n        <\/div>\n    <\/section>\n\n    <section id=\"courses\" class=\"courses\">\n        <div class=\"container\">\n            <h2 class=\"section-title\">Kh\u00f3a h\u1ecdc ph\u1ed5 bi\u1ebfn<\/h2>\n            <div class=\"course-grid\">\n                <div class=\"course-card\">\n                    <div class=\"course-icon\">\ud83d\udcbb<\/div>\n                    <h3>Web Development<\/h3>\n                    <p>HTML, CSS, JavaScript v\u00e0 c\u00e1c framework hi\u1ec7n \u0111\u1ea1i<\/p>\n                <\/div>\n                <div class=\"course-card\">\n                    <div class=\"course-icon\">\ud83d\udcf1<\/div>\n                    <h3>Mobile Development<\/h3>\n                    <p>React Native, Flutter, iOS &#038; Android<\/p>\n                <\/div>\n                <div class=\"course-card\">\n                    <div class=\"course-icon\">\ud83c\udfa8<\/div>\n                    <h3>UI\/UX Design<\/h3>\n                    <p>Thi\u1ebft k\u1ebf giao di\u1ec7n ng\u01b0\u1eddi d\u00f9ng chuy\u00ean nghi\u1ec7p<\/p>\n                <\/div>\n            <\/div>\n        <\/div>\n    <\/section>\n\n    <section id=\"about\" class=\"about\">\n        <div class=\"container\">\n            <h2 class=\"section-title\">V\u1ec1 DevSkill Academy<\/h2>\n            <p class=\"about-text\">Ch\u00fang t\u00f4i cam k\u1ebft mang \u0111\u1ebfn nh\u1eefng kh\u00f3a h\u1ecdc ch\u1ea5t l\u01b0\u1ee3ng cao, gi\u00fap b\u1ea1n ph\u00e1t tri\u1ec3n s\u1ef1 nghi\u1ec7p trong l\u0129nh v\u1ef1c c\u00f4ng ngh\u1ec7.<\/p>\n        <\/div>\n    <\/section>\n<\/body>\n","protected":false},"excerpt":{"rendered":"<p>DevSkillAcademy Trang ch\u1ee7 Kh\u00f3a h\u1ecdc V\u1ec1 ch\u00fang t\u00f4i Li\u00ean h\u1ec7 \u0110\u0103ng k\u00fd ngay H\u1ecdc l\u1eadp tr\u00ecnh t\u1eeb c\u01a1 b\u1ea3n \u0111\u1ebfn chuy\u00ean nghi\u1ec7p N\u00e2ng cao k\u1ef9 n\u0103ng l\u1eadp tr\u00ecnh c\u1ee7a b\u1ea1n v\u1edbi c\u00e1c kh\u00f3a h\u1ecdc ch\u1ea5t l\u01b0\u1ee3ng cao Kh\u00e1m ph\u00e1 kh\u00f3a h\u1ecdc Kh\u00f3a h\u1ecdc ph\u1ed5 bi\u1ebfn \ud83d\udcbb Web Development HTML, CSS, JavaScript v\u00e0 c\u00e1c framework hi\u1ec7n [&#8230;]\n","protected":false},"author":1,"featured_media":0,"parent":0,"menu_order":0,"comment_status":"closed","ping_status":"closed","template":"","meta":{"footnotes":""},"class_list":["post-7","page","type-page","status-publish","hentry"],"_links":{"self":[{"href":"https:\/\/devskillacademy.com\/index.php\/wp-json\/wp\/v2\/pages\/7","targetHints":{"allow":["GET"]}}],"collection":[{"href":"https:\/\/devskillacademy.com\/index.php\/wp-json\/wp\/v2\/pages"}],"about":[{"href":"https:\/\/devskillacademy.com\/index.php\/wp-json\/wp\/v2\/types\/page"}],"author":[{"embeddable":true,"href":"https:\/\/devskillacademy.com\/index.php\/wp-json\/wp\/v2\/users\/1"}],"replies":[{"embeddable":true,"href":"https:\/\/devskillacademy.com\/index.php\/wp-json\/wp\/v2\/comments?post=7"}],"version-history":[{"count":2,"href":"https:\/\/devskillacademy.com\/index.php\/wp-json\/wp\/v2\/pages\/7\/revisions"}],"predecessor-version":[{"id":10,"href":"https:\/\/devskillacademy.com\/index.php\/wp-json\/wp\/v2\/pages\/7\/revisions\/10"}],"wp:attachment":[{"href":"https:\/\/devskillacademy.com\/index.php\/wp-json\/wp\/v2\/media?parent=7"}],"curies":[{"name":"wp","href":"https:\/\/api.w.org\/{rel}","templated":true}]}}